{"id":1085,"date":"2026-02-23T12:26:27","date_gmt":"2026-02-23T09:26:27","guid":{"rendered":"http:\/\/pmd.elektronikdizgi.com\/?page_id=1085"},"modified":"2026-02-23T12:26:28","modified_gmt":"2026-02-23T09:26:28","slug":"misyon-vizyon-2","status":"publish","type":"page","link":"https:\/\/pg-int.de\/?page_id=1085&lang=tr","title":{"rendered":"Misyon &#038; Vizyon"},"content":{"rendered":"\n<h2 class=\"wp-block-heading\"><strong>Vizyon<\/strong><\/h2>\n\n\n\n<p>Sahas\u0131nda tecr\u00fcbeli \u00e7al\u0131\u015fanlar ile otomotiv, havac\u0131l\u0131k ve savunma sekt\u00f6r\u00fcne konsept olu\u015fturulmas\u0131ndan seri \u00fcretime kadar M\u00fchendislik ve Ar-Ge \u00e7al\u0131\u015fmalar\u0131n\u0131 yerli imkanlar ile ger\u00e7ekle\u015ftirmek.<\/p>\n\n\n\n<h2 class=\"wp-block-heading\"><strong>Misyon<\/strong><\/h2>\n\n\n\n<p>Otomotiv, Havac\u0131l\u0131k ve Savunma sekt\u00f6rlerinde M\u00fchendislik, Dan\u0131\u015fmanl\u0131k, Bili\u015fim Teknolojileri ve \u00dcretim Hizmetleri. Yerli ve Yabanc\u0131 M\u00fc\u015fteriler, Tedarik\u00e7iler ve Ortaklar\u0131 ile i\u015fbirli\u011fi \u00d6zellikle otomotiv, havac\u0131l\u0131k, savunma, elektronik ve bili\u015fim teknolojisi alanlar\u0131ndaki yenilikleri ve geli\u015fmeleri yak\u0131ndan takip etmekte ve uygulamaktay\u0131z. \u0130novatif konseptler ve m\u00fc\u015fterilerimize \u00f6zel \u00e7\u00f6z\u00fcmler geli\u015ftirmek \u00dczere ilgili sekt\u00f6r uzmanlar\u0131 ile s\u00fcrekli deneyim ve bilgi al\u0131\u015fveri\u015fi i\u00e7erisindeyiz. Gizlilik, ba\u011fl\u0131l\u0131k ve korumac\u0131l\u0131k kurulu\u015f felsefemizin temel bile\u015fenleridir.<\/p>\n\n\n\n<p><\/p>\n","protected":false},"excerpt":{"rendered":"<p>Vizyon Sahas\u0131nda tecr\u00fcbeli \u00e7al\u0131\u015fanlar ile otomotiv, havac\u0131l\u0131k ve savunma sekt\u00f6r\u00fcne konsept olu\u015fturulmas\u0131ndan seri \u00fcretime kadar M\u00fchendislik ve Ar-Ge \u00e7al\u0131\u015fmalar\u0131n\u0131 yerli imkanlar ile ger\u00e7ekle\u015ftirmek. Misyon Otomotiv, Havac\u0131l\u0131k ve Savunma sekt\u00f6rlerinde M\u00fchendislik, Dan\u0131\u015fmanl\u0131k, Bili\u015fim Teknolojileri ve \u00dcretim Hizmetleri. Yerli ve Yabanc\u0131 M\u00fc\u015fteriler, &hellip; <\/p>\n<p class=\"link-more\"><a href=\"https:\/\/pg-int.de\/?page_id=1085&#038;lang=tr\" class=\"more-link\"><span class=\"screen-reader-text\"> &#8220;Misyon &#038; Vizyon&#8221;<\/span>devam\u0131n\u0131 oku<\/a><\/p>\n","protected":false},"author":1,"featured_media":690,"parent":0,"menu_order":0,"comment_status":"closed","ping_status":"closed","template":"","meta":{"inspiro_hide_title":false,"footnotes":""},"class_list":["post-1085","page","type-page","status-publish","has-post-thumbnail","hentry"],"_links":{"self":[{"href":"https:\/\/pg-int.de\/index.php?rest_route=\/wp\/v2\/pages\/1085","targetHints":{"allow":["GET"]}}],"collection":[{"href":"https:\/\/pg-int.de\/index.php?rest_route=\/wp\/v2\/pages"}],"about":[{"href":"https:\/\/pg-int.de\/index.php?rest_route=\/wp\/v2\/types\/page"}],"author":[{"embeddable":true,"href":"https:\/\/pg-int.de\/index.php?rest_route=\/wp\/v2\/users\/1"}],"replies":[{"embeddable":true,"href":"https:\/\/pg-int.de\/index.php?rest_route=%2Fwp%2Fv2%2Fcomments&post=1085"}],"version-history":[{"count":1,"href":"https:\/\/pg-int.de\/index.php?rest_route=\/wp\/v2\/pages\/1085\/revisions"}],"predecessor-version":[{"id":1086,"href":"https:\/\/pg-int.de\/index.php?rest_route=\/wp\/v2\/pages\/1085\/revisions\/1086"}],"wp:featuredmedia":[{"embeddable":true,"href":"https:\/\/pg-int.de\/index.php?rest_route=\/wp\/v2\/media\/690"}],"wp:attachment":[{"href":"https:\/\/pg-int.de\/index.php?rest_route=%2Fwp%2Fv2%2Fmedia&parent=1085"}],"curies":[{"name":"wp","href":"https:\/\/api.w.org\/{rel}","templated":true}]}}