{"id":1167,"date":"2026-02-23T13:55:19","date_gmt":"2026-02-23T10:55:19","guid":{"rendered":"http:\/\/pmd.elektronikdizgi.com\/?page_id=1167"},"modified":"2026-02-23T13:59:36","modified_gmt":"2026-02-23T10:59:36","slug":"kalite-politikasi-pmd-2","status":"publish","type":"page","link":"https:\/\/pg-int.de\/?page_id=1167&lang=tr","title":{"rendered":"Kalite Politikas\u0131 PMD"},"content":{"rendered":"\n<p><br>PROFESS\u0130ONALS olarak sekt\u00f6r\u00fcm\u00fczde ve alan\u0131m\u0131zda tercih edilen tedarik\u00e7i olmak, m\u00fc\u015fterilerimizin memnuniyet ve ba\u011fl\u0131l\u0131\u011f\u0131n\u0131 sa\u011flamak i\u00e7in t\u00fcm \u00e7al\u0131\u015fanlar\u0131m\u0131zla a\u015fa\u011f\u0131daki ilkeler \u0131\u015f\u0131\u011f\u0131nda y\u00fcr\u00fcmeyi taahh\u00fct ediyoruz.<\/p>\n\n\n\n<p>\u2192M\u00fc\u015fteri memnuniyetini en \u00fcst seviyede tutmak<br>\u2192M\u00fc\u015fteri istekleri do\u011frultusunda, zaman\u0131nda, do\u011fru ve kaliteli hizmet sunmak.<br>\u2192Proseslerde s\u00fcrekli geli\u015fmeyi sa\u011flayarak \u00fcr\u00fcn maliyetlerini en aza indirmek.<br>\u2192\u00c7al\u0131\u015fanlar\u0131m\u0131z\u0131n bilin\u00e7lendirilmeleri ve e\u011fitimleri ile s\u00fcrekli geli\u015fmeyi sa\u011flamak.<br>\u2192Taleplerin kar\u015f\u0131lanmas\u0131 ve m\u00fc\u015fteri memnuniyetinin sa\u011flanmas\u0131nda y\u00f6netimin kararl\u0131l\u0131\u011f\u0131n\u0131 ve \u00e7al\u0131\u015fanlar\u0131n kat\u0131l\u0131m\u0131n\u0131 artt\u0131rmak.<br><\/p>\n\n\n\n<p class=\"has-text-align-right\">Genel M\u00fcd\u00fcr<br>01.03.2018<\/p>\n","protected":false},"excerpt":{"rendered":"<p>PROFESS\u0130ONALS olarak sekt\u00f6r\u00fcm\u00fczde ve alan\u0131m\u0131zda tercih edilen tedarik\u00e7i olmak, m\u00fc\u015fterilerimizin memnuniyet ve ba\u011fl\u0131l\u0131\u011f\u0131n\u0131 sa\u011flamak i\u00e7in t\u00fcm \u00e7al\u0131\u015fanlar\u0131m\u0131zla a\u015fa\u011f\u0131daki ilkeler \u0131\u015f\u0131\u011f\u0131nda y\u00fcr\u00fcmeyi taahh\u00fct ediyoruz. \u2192M\u00fc\u015fteri memnuniyetini en \u00fcst seviyede tutmak\u2192M\u00fc\u015fteri istekleri do\u011frultusunda, zaman\u0131nda, do\u011fru ve kaliteli hizmet sunmak.\u2192Proseslerde s\u00fcrekli geli\u015fmeyi sa\u011flayarak &hellip; <\/p>\n<p class=\"link-more\"><a href=\"https:\/\/pg-int.de\/?page_id=1167&#038;lang=tr\" class=\"more-link\"><span class=\"screen-reader-text\"> &#8220;Kalite Politikas\u0131 PMD&#8221;<\/span>devam\u0131n\u0131 oku<\/a><\/p>\n","protected":false},"author":1,"featured_media":0,"parent":0,"menu_order":0,"comment_status":"closed","ping_status":"closed","template":"","meta":{"inspiro_hide_title":false,"footnotes":""},"class_list":["post-1167","page","type-page","status-publish","hentry"],"_links":{"self":[{"href":"https:\/\/pg-int.de\/index.php?rest_route=\/wp\/v2\/pages\/1167","targetHints":{"allow":["GET"]}}],"collection":[{"href":"https:\/\/pg-int.de\/index.php?rest_route=\/wp\/v2\/pages"}],"about":[{"href":"https:\/\/pg-int.de\/index.php?rest_route=\/wp\/v2\/types\/page"}],"author":[{"embeddable":true,"href":"https:\/\/pg-int.de\/index.php?rest_route=\/wp\/v2\/users\/1"}],"replies":[{"embeddable":true,"href":"https:\/\/pg-int.de\/index.php?rest_route=%2Fwp%2Fv2%2Fcomments&post=1167"}],"version-history":[{"count":2,"href":"https:\/\/pg-int.de\/index.php?rest_route=\/wp\/v2\/pages\/1167\/revisions"}],"predecessor-version":[{"id":1173,"href":"https:\/\/pg-int.de\/index.php?rest_route=\/wp\/v2\/pages\/1167\/revisions\/1173"}],"wp:attachment":[{"href":"https:\/\/pg-int.de\/index.php?rest_route=%2Fwp%2Fv2%2Fmedia&parent=1167"}],"curies":[{"name":"wp","href":"https:\/\/api.w.org\/{rel}","templated":true}]}}