{"id":1174,"date":"2026-02-23T14:00:19","date_gmt":"2026-02-23T11:00:19","guid":{"rendered":"http:\/\/pmd.elektronikdizgi.com\/?page_id=1174"},"modified":"2026-02-23T14:02:26","modified_gmt":"2026-02-23T11:02:26","slug":"qualitatspolitik-pmd","status":"publish","type":"page","link":"https:\/\/pg-int.de\/?page_id=1174&lang=de","title":{"rendered":"Qualit\u00e4tspolitik PMD"},"content":{"rendered":"\n<p><br>Wir bei PROFESSIONALS haben uns zum Ziel gesetzt, der bevorzugte Lieferant in unserer Branche und unserem Fachgebiet zu sein und die Kundenzufriedenheit und -loyalit\u00e4t durch die Zusammenarbeit mit allen unseren Mitarbeitern gem\u00e4\u00df den folgenden Grunds\u00e4tzen zu gew\u00e4hrleisten.<\/p>\n\n\n\n<p>\u2192Um die Kundenzufriedenheit auf h\u00f6chstem Niveau zu halten,<br>\u2192Um einen zeitnahen, pr\u00e4zisen und qualitativ hochwertigen Service gem\u00e4\u00df den Kundenw\u00fcnschen zu bieten,<br>\u2192Minimierung der Produktkosten durch kontinuierliche Prozessverbesserung,<br>\u2192Um durch Sensibilisierung und Schulung unserer Mitarbeiter eine kontinuierliche Verbesserung zu gew\u00e4hrleisten,<br>\u2192TSteigerung des Engagements des Managements und der Einbindung der Mitarbeiter bei der Erf\u00fcllung der Anforderungen und der Sicherstellung der Kundenzufriedenheit.<br><\/p>\n\n\n\n<p class=\"has-text-align-right\">Hauptgesch\u00e4ftsf\u00fchrer<\/p>\n\n\n\n<p class=\"has-text-align-right\">2018\/03\/01<\/p>\n","protected":false},"excerpt":{"rendered":"<p>Wir bei PROFESSIONALS haben uns zum Ziel gesetzt, der bevorzugte Lieferant in unserer Branche und unserem Fachgebiet zu sein und die Kundenzufriedenheit und -loyalit\u00e4t durch die Zusammenarbeit mit allen unseren Mitarbeitern gem\u00e4\u00df den folgenden Grunds\u00e4tzen zu gew\u00e4hrleisten. \u2192Um die Kundenzufriedenheit &hellip; <\/p>\n<p class=\"link-more\"><a href=\"https:\/\/pg-int.de\/?page_id=1174&#038;lang=de\" class=\"more-link\"><span class=\"screen-reader-text\"> &#8220;Qualit\u00e4tspolitik PMD&#8221;<\/span>devam\u0131n\u0131 oku<\/a><\/p>\n","protected":false},"author":1,"featured_media":0,"parent":0,"menu_order":0,"comment_status":"closed","ping_status":"closed","template":"","meta":{"inspiro_hide_title":false,"footnotes":""},"class_list":["post-1174","page","type-page","status-publish","hentry"],"_links":{"self":[{"href":"https:\/\/pg-int.de\/index.php?rest_route=\/wp\/v2\/pages\/1174","targetHints":{"allow":["GET"]}}],"collection":[{"href":"https:\/\/pg-int.de\/index.php?rest_route=\/wp\/v2\/pages"}],"about":[{"href":"https:\/\/pg-int.de\/index.php?rest_route=\/wp\/v2\/types\/page"}],"author":[{"embeddable":true,"href":"https:\/\/pg-int.de\/index.php?rest_route=\/wp\/v2\/users\/1"}],"replies":[{"embeddable":true,"href":"https:\/\/pg-int.de\/index.php?rest_route=%2Fwp%2Fv2%2Fcomments&post=1174"}],"version-history":[{"count":2,"href":"https:\/\/pg-int.de\/index.php?rest_route=\/wp\/v2\/pages\/1174\/revisions"}],"predecessor-version":[{"id":1177,"href":"https:\/\/pg-int.de\/index.php?rest_route=\/wp\/v2\/pages\/1174\/revisions\/1177"}],"wp:attachment":[{"href":"https:\/\/pg-int.de\/index.php?rest_route=%2Fwp%2Fv2%2Fmedia&parent=1174"}],"curies":[{"name":"wp","href":"https:\/\/api.w.org\/{rel}","templated":true}]}}